- 14*z + 3*z - 1. Let o(r) = m*d(r) + 5*u(r). Determine o(6).
-4
Let g(b) = -61*b - 1836. Let j be g(-30). Let u(x) = -x**3 - 6*x**2 + 6*x - 3. Calculate u(j).
-39
Let s(m) be the first derivative of -2*m**3/3 - 9*m**2/2 + 16*m - 2478. Determine s(-8).
-40
Let q be 18/30*60/9. Suppose q*t + 163 = 151. Let o(w) = -w**3 - 4*w**2 - 2*w + 6. Give o(t).
3
Let d(i) = -i**2 - 3*i - 3. Let y(j) = -2*j**2 - 119*j + 574. Let l be y(-64). Determine d(l).
-1
Let l(y) = y + 3. Let s(i) = 6*i**3 + i**2 - i + 1. Let f be s(1). Let p(k) = -k + f + 2*k - 6 - 2. Let u(g) = -l(g) - 2*p(g). Give u(1).
-4
Suppose 0 = -2*f - 4, 0 = -4*d + 7*f - 4*f + 82. Let s(i) = 10*i + 56*i**3 + 15*i**2 + 5*i - 57*i**3 + d. Calculate s(16).
3
Suppose 8 = -2*d + 4*d. Let w(o) = -2*o - d + 4 + 3 + 8*o. Let c be 219/(-27) + 6 + (-1)/(-9). Calculate w(c).
-9
Let a = 14 - 8. Let l(m) be the second derivative of -m**6/360 + m**5/15 - m**4/4 - 5*m**3/2 + 16*m. Let p(j) be the second derivative of l(j). Determine p(a).
6
Let c(r) = -r**3 + 12*r**2 - 15*r + 40. Suppose -7984 = -82*d - 7082. Determine c(d).
-4
Suppose 2*r - 3*r - 8 = -k, 3*r = -5*k + 8. Let z = r + -2. Let i(b) be the third derivative of b**5/60 + 7*b**4/24 + 3*b**3/2 - 14231*b**2. What is i(z)?
3
Let d(q) = 39 - 5*q**2 + 43 + 8*q + 45 - 124. Let a(y) = -17*y**2 + 24*y + 7. Let o(b) = -2*a(b) + 7*d(b). Let u(r) = -3*r - 7. Let c be u(-5). What is o(c)?
7
Let x = -2706 - -2710. Let c(o) be the first derivative of -4*o**2 + 4*o + 15. Calculate c(x).
-28
Let n(u) = -4*u - 5. Suppose 167*b + 536 = 40 - 5. What is n(b)?
7
Let v(l) = 13*l**2 - 2. Let u = 3708 - 3707. Calculate v(u).
11
Let v = 33634 - 33631. Let h(a) be the first derivative of -11/2*a**2 + v*a + 34. What is h(2)?
-19
Suppose q - 2*y + 0 = 2, y = -5*q - 34. Let b = 2 + 0. Let z(i) = 4*i**2 - 2*i**2 + b + 9*i + 0*i**2. What is z(q)?
20
Let q(c) be the third derivative of -17*c**4/24 + 241*c**3/6 + 2*c**2 + 5*c + 8. What is q(14)?
3
Let x(o) = -o**2 - 2*o + 3. Let q be 2 + -4 + -3*-1*6. Suppose -q = 3*y - 7*y. Suppose 11 + 5 = -y*h. Give x(h).
-5
Let y(a) = -a**3 + 3*a**2 + a + 8. Let p(i) be the second derivative of i**5/20 - i**4/3 - i**3/6 - 5*i**2 - 229*i. Let n(f) = -3*p(f) - 4*y(f). Calculate n(0).
-2
Let h(f) = -f**3 + 5*f**2 - f. Let v(b) = -b**2 - 2*b + 67. Let l be v(7). Suppose 8*u - 4*u = -4*t + 16, -l*u + 5*t = -16. What is h(u)?
12
Let o(f) = -1. Let v(m) = -m - 3. Let p(q) = -6*o(q) + v(q). Let w be (18/4)/(23/(-598)). Let s = -113 - w. Determine p(s).
-1
Suppose 0 = -750*u + 751*u - b - 7, -b = 8. Let i(p) = 102*p**2 + 3*p + 1. Give i(u).
100
Let a be 0/(-1) + (-7 - 152). Let i = -156 - a. Let h(y) = -2*y**2 + 3*y + 1. Calculate h(i).
-8
Let f(r) = 101*r. Let z(l) = 906*l - 55. Let v(d) = -18*f(d) + 2*z(d). Determine v(-18).
-2
Let v(w) = 87*w + 16. Let r(l) = -36*l - 6. Let g(h) = 17*r(h) + 7*v(h). Give g(12).
-26
Let w(f) = -39*f. Let l be ((-7 + 5)/(-2))/(-1). Let c be (-2 - 3) + l + 1 - -6. Calculate w(c).
-39
Let b(p) be the third derivative of p**6/120 - 7*p**5/60 - 31*p**4/24 - p**3/3 - 3*p**2 - 59. Determine b(10).
-12
Let s(l) = -218*l**2 - 3*l + 4*l - 8 + 219*l**2 - 7*l. Suppose 27*y - 53 = 163. Give s(y).
8
Let k(v) = 2*v - 2. Let m(s) = -s - 1. Let u(a) = -k(a) - m(a). Let o = -3460 - -3457. What is u(o)?
6
Let c = -3 - -121. Let t = c - -11. Let y(f) = -123*f - 8 - t*f + 253*f. What is y(6)?
-2
Let u = -12977 - -12968. Let w(r) = r**2 + 6*r - 8. What is w(u)?
19
Let s(z) = z**3 - 4*z**2 - 6*z. Let u be s(5). Let r = 2 + u. Let v(l) be the second derivative of l**5/20 + l**4/4 - l**3/6 + 3*l**2/2 + 12*l. Determine v(r).
6
Let i(t) be the second derivative of t**3/2 + 3*t**2 - 13*t + 47. What is i(5)?
21
Let y(o) = 1 + 4 - 52*o - o**2 + 51*o. Let m(j) = j**3 - 9*j**2 + 2*j - 4. Let p be m(9). Let k = -10 + p. Determine y(k).
-15
Suppose 0 = -339*h + 362*h + 138. Let u(r) be the second derivative of -r**5/20 - 7*r**4/12 - 2*r**3/3 + r**2/2 - 3*r. Give u(h).
-11
Suppose -144*d - 539 - 325 = 0. Let c(s) = -8*s**2 - 44*s + 10. Give c(d).
-14
Let g(s) be the second derivative of s**5/20 - 5*s**4/12 + 5*s**2/2 + 17*s - 6. Let p be 30/12*(-2 + 4). Determine g(p).
5
Let w(l) = -9*l**2 + 22*l + 9. Let t(j) = 5*j**2 - 9*j - 4. Let p(v) = -5*t(v) - 2*w(v). Determine p(-3).
-64
Let p = -1219 + 867. Let j = p + 346. Let r(a) = -a**3 - 4*a**2 + 8*a - 3. Calculate r(j).
21
Let c(v) = v**2 - 3*v + 2. Suppose 34*t = 36*t. Suppose -2*l - 10 = t, 3*l + 4 + 5 = -2*i. Give c(i).
2
Let c(k) = k**2 - 11*k - 8. Let x(q) = q**3 - 57*q**2 + 6*q - 332. Let g be x(57). Give c(g).
-18
Let x(n) = -2*n**3 + 11*n**2 - 3*n - 2. Let p(h) = -h**3 - 9*h**2 - 9*h - 3. Let m be p(-8). Let k be x(m). Let g(s) = -s + 11*s - k*s. Give g(2).
4
Let y(g) be the third derivative of -g**5/60 - g**4/3 - 5*g**3/6 - 492*g**2. What is y(-5)?
10
Let l = -91 - -93. Let d(b) = 2*b + 0 + l + 28*b - 29*b. Determine d(-4).
-2
Let y(z) be the first derivative of -3*z**4/4 + 7*z**2/2 - z + 51. Give y(2).
-11
Let l(i) be the second derivative of -i**5/20 - 3*i**4/2 + 41*i**3/6 + 5*i**2 + i + 11171. What is l(-20)?
-10
Let a(f) = -f**2 + 11*f - 5. Let d be a(9). Let n(c) = -c**3 + 12*c**2 + 15*c - 13. Let g be n(d). Suppose 0 = -5*h + g + 27. Let k(u) = u - 6. Calculate k(h).
2
Let r(d) = 4*d + 4. Let w = 51 + -198. Let j = w - -142. Give r(j).
-16
Let x(b) = -3*b - 21. Let j(g) = 0*g**2 + 29*g + 2 - 89 - g**2. Let m be j(3). Determine x(m).
6
Let y = -4776 + 4773. Let o(j) = -4*j + 14. Calculate o(y).
26
Suppose 262*t = 263*t - 28. Suppose -t*z + 24*z - 5*y - 3 = 0, -2*z + 9 = -y. Let q(c) = -c**2 + 2*c. Give q(z).
-3
Let l = -1125 - -772. Let i = l + 350. Let a(k) = k**3 + 5*k**2 + 2*k - 2. Give a(i).
10
Let p(i) be the first derivative of -27 - 4/3*i**3 + 1/4*i**4 - 3/2*i**2 + 4*i. Give p(4).
-8
Let f(l) = 3504 + 5*l + 3509 - 7010. Calculate f(4).
23
Let b(t) be the first derivative of -t**2/2 - 9*t - 2. Suppose -2*k - 156 = -m, -3*m - m = 2*k + 156. Let s = -83 - k. What is b(s)?
-4
Let w(z) be the second derivative of z**4/12 - 5*z**3/3 + 9*z**2/2 - 2258*z. Suppose -4*f + 2*f = 2. Let d = f - -9. Give w(d).
-7
Suppose -3*v + 1872 = 3*n, -5*v - 2*n = -0*n - 3114. Let h(m) = -11 + v*m - 626*m + 3 + m**2. Give h(6).
4
Let v(d) be the third derivative of d**6/120 + d**5/15 + d**4/8 - d**3/6 + 730*d**2 - 1. Calculate v(-3).
-1
Let l(t) = 11*t + 7. Let a be l(3). Suppose -2*i - 42 = -a. Let w(k) = -13*k**2 + k. Give w(i).
-14
Let u(h) be the third derivative of h**4/24 - 4*h**3 - 2*h**2 - 250*h + 2. Calculate u(0).
-24
Let j(l) = -l**2 + 25*l - 108. Suppose 41*i - 14*i = 221 + 292. Give j(i).
6
Let r(v) = v**2 - 16*v + 17. Let y be r(15). Let j(l) = 15*l**2 - 27*l + 5. Let x(g) = 3*g**2 - 5*g + 1. Let z(c) = -2*j(c) + 11*x(c). Give z(y).
11
Let f be 93/24 - ((-8)/((-576)/(-153)) + 2). Let d(w) be the second derivative of w**4/12 - 5*w**3/6 + 3*w**2 + 6*w. Determine d(f).
2
Let x(z) be the first derivative of -z - 9 + 13/2*z**2. Give x(-1).
-14
Let h(n) be the third derivative of -n**7/2520 - 11*n**6/720 - 37*n**5/60 + 14*n**2 - 1. Let t(g) be the third derivative of h(g). Determine t(-7).
3
Let o = 459 + -463. Let m(g) = -5*g**3 + 5*g + 1. Let y(d) = 9*d**3 - 9*d - 2. Let n(l) = o*y(l) - 7*m(l). Calculate n(0).
1
Let a(r) be the third derivative of -r**6/120 - 7*r**5/60 - 3*r**4/8 - 13*r**3/6 + 3698*r**2. What is a(-6)?
5
Suppose 2*m = 2*f + 8, m - 4 = -0*m + 3*f. Suppose 4*l - 24 = 3*i, -5*l - i - m*i = -30. Let a(j) = j**3 - 7*j**2 + 7*j + 2. Calculate a(l).
8
Let h = 10 - -9. Suppose 0 = 5*l + 4 - h. Let x(j) = 2 - 23*j + 24*j - j**3 + 1 + 3*j**2. What is x(l)?
6
Let q(h) = -4*h - 1. Let n(s) = -s. Let r(c) = 6*n(c) - q(c). Suppose 0 = -2*b + 8, 0 = 3*i - b + 2*b - 136. Suppose -10*k + i = k. What is r(k)?
-7
Let n(v) be the second derivative of -v**4/12 + 7*v**3/6 - 5*v**2/2 + 2*v. Suppose -4*q + 9*k - 4*k = 717, 3*q + 4*k = -499. Let b = 177 + q. Give n(b).
7
Let s(x) = -x**2 - 10*x - 14. Suppose -2*u - 4*m + 12 = 66, -3*u + 4*m = 11. Calculate s(u).
-53
Let i(a) be the second derivative of 0 + 105*a - 1/3*a**3 + 3/2*a**2. Suppose 4*p = g + 13, -4*g - 2*p + 6*p - 4 = 0. What is i(g)?
-3
Suppose -2*y + 10 = -5*i, 3*y + 5*i - 12 - 3 = 0. Let w(d) = 3*d**3 - d**2 - 3*d**3 - y*d**3 + 4*d**3.